{"id":106,"date":"2023-04-17T16:35:49","date_gmt":"2023-04-17T19:35:49","guid":{"rendered":"https:\/\/localhost\/palmeiras-goias-novo\/educacao\/?page_id=106"},"modified":"2023-04-17T16:45:42","modified_gmt":"2023-04-17T19:45:42","slug":"planos-educacionais","status":"publish","type":"page","link":"https:\/\/palmeirasdegoias.go.gov.br\/educacao\/planos-educacionais\/","title":{"rendered":"Planos Educacionais"},"content":{"rendered":"\n<p><strong>Plano Municipal da Educa\u00e7\u00e3o<\/strong><\/p>\n\n\n\n<p>A Lei 13.005 de 25 de junho de 2014 que aprovou o Plano Nacional de Educa\u00e7\u00e3o (PNE) criou, em seu art.8\u00b0, uma obriga\u00e7\u00e3o para os Estados, o Distrito Federal e os Munic\u00edpios: \u201d Os Estados, o Distrito Federal e os Munic\u00edpios dever\u00e3o elaborar seus correspondentes planos de educa\u00e7\u00e3o, ou adequar os planos j\u00e1 aprovados em Lei.<\/p>\n\n\n\n<p><a href=\"\/educacao\/wp-content\/uploads\/sites\/2\/2023\/04\/PME_compressed.pdf\" target=\"_blank\" rel=\"noreferrer noopener\">Clique aqui para abrir o documento<\/a><\/p>\n\n\n\n<hr class=\"wp-block-separator has-alpha-channel-opacity is-style-wide\"\/>\n\n\n\n<p><strong>Base Nacional Comum Curricular<\/strong><\/p>\n\n\n\n<p>Ao homologar a Base Nacional Comum Curricular (BNCC) para a Educa\u00e7\u00e3o Infantil e o Ensino Fundamental, o Brasil inicia uma nova era na educa\u00e7\u00e3o brasileira e se alinha aos melhores e mais qualificados sistemas educacionais do mundo.<\/p>\n\n\n\n<p><a href=\"\/educacao\/wp-content\/uploads\/sites\/2\/2023\/04\/BNCC_Homologada-2018.pdf\" target=\"_blank\" rel=\"noreferrer noopener\">Clique aqui para abrir o documento<\/a><\/p>\n\n\n\n<hr class=\"wp-block-separator has-alpha-channel-opacity is-style-wide\"\/>\n\n\n\n<p><strong>Plano de Cargos de Magist\u00e9rio<\/strong><\/p>\n\n\n\n<p>\u201cDisp\u00f5e sobre o Estatuto e o Plano de cargos, empregos, vencimentos e sal\u00e1rios dos professores da Rede Municipal de Ensino Publico de Palmeiras de Goi\u00e1s e d\u00e1 outras provid\u00eancias.<\/p>\n\n\n\n<p><a href=\"\/educacao\/wp-content\/uploads\/sites\/2\/2023\/04\/Plano-de-Cargos-de-Magisterio-3_compressed.pdf\" target=\"_blank\" rel=\"noreferrer noopener\">Clique aqui para abrir o documento<\/a><\/p>\n\n\n\n<hr class=\"wp-block-separator has-alpha-channel-opacity is-style-wide\"\/>\n\n\n\n<p><strong>Plano Nacional de Educa\u00e7\u00e3o<\/strong><\/p>\n\n\n\n<p>Aprova o Plano Nacional de Educa\u00e7\u00e3o- PNE e d\u00e1 outras provid\u00eancias.<\/p>\n\n\n\n<p><a href=\"https:\/\/educacao.palmeirasdegoias.go.gov.br\/wp-content\/uploads\/2018\/05\/Plano-Nacional-de-Educa%C3%A7%C3%A3o.html\" target=\"_blank\" rel=\"noreferrer noopener\">Clique aqui para abrir o documento<\/a><\/p>\n\n\n\n<hr class=\"wp-block-separator has-alpha-channel-opacity is-style-wide\"\/>\n\n\n\n<p><strong>Curr\u00edculo Referencia 2018<\/strong><\/p>\n\n\n\n<p>A Secretaria de Educa\u00e7\u00e3o do Estado de Goi\u00e1s apresenta o Curr\u00edculo Refer\u00eancia, que \u00e9 resultado de uma ampla discuss\u00e3o por meio de encontros e debates em toda rede estadual.<\/p>\n\n\n\n<p><a href=\"\/educacao\/wp-content\/uploads\/sites\/2\/2023\/04\/CurriculoReferencia-2018.pdf\" target=\"_blank\" rel=\"noreferrer noopener\">Clique aqui para abrir o documento<\/a><\/p>\n\n\n\n<hr class=\"wp-block-separator has-alpha-channel-opacity is-style-wide\"\/>\n\n\n\n<p><strong>Diretrizes Curriculares Educa\u00e7\u00e3o Infantil<\/strong><\/p>\n\n\n\n<p>Esta norma tem por objetivo estabelecer as Diretrizes Curriculares Nacionais para a Educa\u00e7\u00e3o Infantil a serem observadas na organiza\u00e7\u00e3o de propostas pedag\u00f3gicas na educa\u00e7\u00e3o infantil.<\/p>\n\n\n\n<p><a href=\"\/educacao\/wp-content\/uploads\/sites\/2\/2023\/04\/DiretrizesCurriculares-Educacao-Infantil.indd_.pdf\" target=\"_blank\" rel=\"noreferrer noopener\">Clique aqui para abrir o documento<\/a><\/p>\n","protected":false},"excerpt":{"rendered":"<p>Plano Municipal da Educa\u00e7\u00e3o A Lei 13.005 de 25 de junho de 2014 que aprovou o Plano Nacional de Educa\u00e7\u00e3o (PNE) criou, em seu art.8\u00b0, uma obriga\u00e7\u00e3o para os Estados, o Distrito Federal e os Munic\u00edpios: \u201d Os Estados, o Distrito Federal e os Munic\u00edpios dever\u00e3o elaborar seus correspondentes planos de educa\u00e7\u00e3o, ou adequar os [&hellip;]<\/p>\n","protected":false},"author":1,"featured_media":0,"parent":0,"menu_order":0,"comment_status":"closed","ping_status":"closed","template":"","meta":{"_acf_changed":false,"_seopress_robots_primary_cat":"","_seopress_titles_title":"","_seopress_titles_desc":"","_seopress_robots_index":"","custom_icon_class":"","inline_featured_image":false,"footnotes":""},"class_list":["post-106","page","type-page","status-publish","hentry"],"acf":[],"_links":{"self":[{"href":"https:\/\/palmeirasdegoias.go.gov.br\/educacao\/wp-json\/wp\/v2\/pages\/106","targetHints":{"allow":["GET"]}}],"collection":[{"href":"https:\/\/palmeirasdegoias.go.gov.br\/educacao\/wp-json\/wp\/v2\/pages"}],"about":[{"href":"https:\/\/palmeirasdegoias.go.gov.br\/educacao\/wp-json\/wp\/v2\/types\/page"}],"author":[{"embeddable":true,"href":"https:\/\/palmeirasdegoias.go.gov.br\/educacao\/wp-json\/wp\/v2\/users\/1"}],"replies":[{"embeddable":true,"href":"https:\/\/palmeirasdegoias.go.gov.br\/educacao\/wp-json\/wp\/v2\/comments?post=106"}],"version-history":[{"count":5,"href":"https:\/\/palmeirasdegoias.go.gov.br\/educacao\/wp-json\/wp\/v2\/pages\/106\/revisions"}],"predecessor-version":[{"id":121,"href":"https:\/\/palmeirasdegoias.go.gov.br\/educacao\/wp-json\/wp\/v2\/pages\/106\/revisions\/121"}],"wp:attachment":[{"href":"https:\/\/palmeirasdegoias.go.gov.br\/educacao\/wp-json\/wp\/v2\/media?parent=106"}],"curies":[{"name":"wp","href":"https:\/\/api.w.org\/{rel}","templated":true}]}}

<p><strong>Plano Municipal da Educação</strong></p>



<p>A Lei 13.005 de 25 de junho de 2014 que aprovou o Plano Nacional de Educação (PNE) criou, em seu art.8°, uma obrigação para os Estados, o Distrito Federal e os Municípios: ” Os Estados, o Distrito Federal e os Municípios deverão elaborar seus correspondentes planos de educação, ou adequar os planos já aprovados em Lei.</p>



<p><a href="/educacao/wp-content/uploads/sites/2/2023/04/PME_compressed.pdf" target="_blank" rel="noreferrer noopener">Clique aqui para abrir o documento</a></p>



<hr class="wp-block-separator has-alpha-channel-opacity is-style-wide"/>



<p><strong>Base Nacional Comum Curricular</strong></p>



<p>Ao homologar a Base Nacional Comum Curricular (BNCC) para a Educação Infantil e o Ensino Fundamental, o Brasil inicia uma nova era na educação brasileira e se alinha aos melhores e mais qualificados sistemas educacionais do mundo.</p>



<p><a href="/educacao/wp-content/uploads/sites/2/2023/04/BNCC_Homologada-2018.pdf" target="_blank" rel="noreferrer noopener">Clique aqui para abrir o documento</a></p>



<hr class="wp-block-separator has-alpha-channel-opacity is-style-wide"/>



<p><strong>Plano de Cargos de Magistério</strong></p>



<p>“Dispõe sobre o Estatuto e o Plano de cargos, empregos, vencimentos e salários dos professores da Rede Municipal de Ensino Publico de Palmeiras de Goiás e dá outras providências.</p>



<p><a href="/educacao/wp-content/uploads/sites/2/2023/04/Plano-de-Cargos-de-Magisterio-3_compressed.pdf" target="_blank" rel="noreferrer noopener">Clique aqui para abrir o documento</a></p>



<hr class="wp-block-separator has-alpha-channel-opacity is-style-wide"/>



<p><strong>Plano Nacional de Educação</strong></p>



<p>Aprova o Plano Nacional de Educação- PNE e dá outras providências.</p>



<p><a href="https://educacao.palmeirasdegoias.go.gov.br/wp-content/uploads/2018/05/Plano-Nacional-de-Educa%C3%A7%C3%A3o.html" target="_blank" rel="noreferrer noopener">Clique aqui para abrir o documento</a></p>



<hr class="wp-block-separator has-alpha-channel-opacity is-style-wide"/>



<p><strong>Currículo Referencia 2018</strong></p>



<p>A Secretaria de Educação do Estado de Goiás apresenta o Currículo Referência, que é resultado de uma ampla discussão por meio de encontros e debates em toda rede estadual.</p>



<p><a href="/educacao/wp-content/uploads/sites/2/2023/04/CurriculoReferencia-2018.pdf" target="_blank" rel="noreferrer noopener">Clique aqui para abrir o documento</a></p>



<hr class="wp-block-separator has-alpha-channel-opacity is-style-wide"/>



<p><strong>Diretrizes Curriculares Educação Infantil</strong></p>



<p>Esta norma tem por objetivo estabelecer as Diretrizes Curriculares Nacionais para a Educação Infantil a serem observadas na organização de propostas pedagógicas na educação infantil.</p>



<p><a href="/educacao/wp-content/uploads/sites/2/2023/04/DiretrizesCurriculares-Educacao-Infantil.indd_.pdf" target="_blank" rel="noreferrer noopener">Clique aqui para abrir o documento</a></p>

<p>Plano Municipal da Educação A Lei 13.005 de 25 de junho de 2014 que aprovou o Plano Nacional de Educação (PNE) criou, em seu art.8°, uma obrigação para os Estados, o Distrito Federal e os Municípios: ” Os Estados, o Distrito Federal e os Municípios deverão elaborar seus correspondentes planos de educação, ou adequar os [&hellip;]</p>
